ommon factor of q and 168?
21
Let x be 1/2 - 1400/(-16). Let z = 33 + -19. Let p be 608/28 - (-4)/z. What is the greatest common factor of x and p?
22
Suppose 3*c + 4*v = 20, -5*c = 2*v - 31 - 7. Suppose 0*a + a - 48 = 0. Let r be (a/40)/((-3)/(-50)). Calculate the highest common factor of r and c.
4
Let p be -2*1*11/(-2). Suppose 2*n - 85 = 3*q, -51 = -5*n - 3*q + 172. Calculate the greatest common divisor of n and p.
11
Let p = 49 + -34. Suppose -19*i + 451 = -1544. Calculate the highest common factor of i and p.
15
Suppose 16*u - 11*u = 3*h + 2739, -4*u + 2742 = -3*h. Let i be -2*(h/12)/1. What is the highest common factor of 9 and i?
9
Suppose -4*s = -2*z - 0 - 8, -11 = -s - 4*z. Suppose -2*r + s = -5. What is the greatest common factor of r and 16?
4
Suppose -8 - 32 = -5*c. Suppose -8*d + c = -2*n - 3*d, d = 2*n. Let z be 3*((-19)/(-3) - n). What is the greatest common factor of 8 and z?
8
Let f = 184 - 169. What is the greatest common factor of 25 and f?
5
Let f be -2 + 4 + 1 - (5 - 24). Suppose -2*u + 7*u = 10. What is the greatest common factor of f and u?
2
Suppose 7*s - 1080 = -s. Let i = -112 - -166. Calculate the highest common factor of s and i.
27
Let a be 32/40*(-10)/2. Let c be 3 + a*(-9)/12. Let l = 118 + -70. Calculate the highest common divisor of l and c.
6
Let r = 683 - 532. What is the greatest common divisor of r and 1?
1
Let h = 43 - -7. Calculate the greatest common factor of h and 130.
10
Let v = 120 - 88. Let j be (-200)/3*6/(-5). Suppose -j = -4*s + 4*u, -4*s + s = u - 44. Calculate the greatest common divisor of s and v.
16
Suppose 0 = -3*t - 5*a + 225, 14*a = -4*t + 9*a + 305. Calculate the greatest common factor of t and 10.
10
Let q be (48/10)/(1/20). Let d be ((-5)/10 - (-7)/(-14))*-12. Calculate the greatest common factor of d and q.
12
Let a = 1 - -4. Suppose 6 = 4*u - 3*m - 0, -a*u + 3*m = -6. Suppose -6 = -u*z - z. Calculate the highest common factor of 54 and z.
6
Suppose 20 = 3*l + u, 5*u + 32 = 5*l + 6*u. What is the greatest common divisor of l and 249?
3
Let h be (323/57)/(-1 + (-8)/(-6)). Suppose -2*a = 5*z - 1352, a + 804 = 3*z + 4*a. What is the greatest common factor of z and h?
17
Suppose -6*w = 3*y - 2*w - 160, y - 60 = -3*w. Calculate the greatest common factor of y and 80.
16
Suppose -28 = -4*t + 4*d, -3*d = 4*t - 6 - 1. Suppose 46*u - 92 = 23*u. Suppose -t*l + 60 = u. What is the greatest common factor of 126 and l?
14
Let t be 9/(-4)*56/(-42). Let y be 1*-10*(t - 1). Let x be y/50 + 144/10. What is the highest common divisor of x and 2?
2
Suppose 1026 = 20*i - 474. What is the greatest common factor of i and 45?
15
Let n = 65 - 314. Let z be n/1*4/6. Let q be 6/24 + z/(-8). What is the highest common divisor of q and 42?
21
Suppose 6*o = 17*o - 880. What is the greatest common divisor of o and 96?
16
Let y(w) = -w**3 + 34*w**2 + 2*w - 52. Let m be y(34). Calculate the highest common factor of 52 and m.
4
Let l = -26 - -32. Suppose l*r - 22 = 5*r. What is the greatest common factor of 2 and r?
2
Suppose 5*n + 4*z - 196 = 0, -n + 24 = 2*z - 5*z. Suppose j + n = 4*j. Let u(o) = o + 9. Let f be u(j). What is the highest common factor of 63 and f?
21
Let i = 29 + 13. Suppose 3*m - 22 = 5*h, -3*h = 5*m + 2*h - 90. Suppose 210 = -12*g + m*g. Calculate the highest common factor of g and i.
21
Suppose 46*c + 6 = 49*c. Let d(q) = -4*q + 1. Let r(x) = 9*x - 2. Let z(b) = -5*d(b) - 3*r(b). Let y be z(-3). Calculate the highest common factor of y and c.
2
Let y(t) = 30*t - 11. Let s be y(5). Suppose -9*i = -s - 59. Calculate the highest common divisor of i and 242.
22
Let u be (-6 - (-357)/14) + (-3)/(-2). Calculate the greatest common divisor of u and 189.
21
Suppose 14*w = 2*w + 144. What is the highest common divisor of 192 and w?
12
Suppose -35873 + 999 = -53*t. What is the highest common factor of t and 28?
14
Let m(n) = 7*n - 125. Let u be m(21). What is the highest common factor of u and 55?
11
Let t be 2 - 7 - (-1 + 2). Let y(r) = 9*r - 9. Let u(f) = -11*f + 10. Let x(z) = 5*u(z) + 6*y(z). Let m be x(t). What is the greatest common divisor of m and 1?
1
Suppose -2*o - 596 - 52 = -2*x, 2*o + 10 = 0. What is the greatest common factor of 55 and x?
11
Suppose -3*a = 6*a - 18. Suppose 0 = -5*x + a*d + 60, 2*d = 2*x - 12 - 12. Calculate the greatest common factor of x and 72.
12
Let w(q) = -2*q - 7. Suppose 0 = -2*i + 7 - 1. Let h be (-13)/39 - 17/i. Let s be w(h). What is the highest common factor of 45 and s?
5
Let j(y) = y**3 + 33*y**2 - 46*y - 56. Let t be j(-34). What is the greatest common factor of 22 and t?
22
Let u(y) = 31*y**2 + y + 2. Let a(r) = 30*r**2 + 2. Let j(z) = 3*a(z) - 2*u(z). Let k be j(1). What is the greatest common divisor of k and 70?
14
Suppose 3*s - 3*j - 696 = 0, 5*j = 5 - 10. Calculate the highest common divisor of s and 21.
21
Let o = -129 - -225. Let d be (o/10)/(18/135). What is the highest common divisor of 9 and d?
9
Suppose 172 = -21*w + 3007. Calculate the highest common divisor of w and 15.
15
Suppose 4*l - 54 = -2*m, -3*l - m = 7 - 46. Let d = -264 - -431. Let p = d + -35. Calculate the highest common divisor of l and p.
12
Let s be ((-45)/(-20))/(6/288). Let x = -15 + 27. Calculate the highest common factor of x and s.
12
Suppose 27*b = 21 + 6. Calculate the highest common factor of b and 37.
1
Let r(v) = -v**3 + 5*v**2 - 1. Let x be r(5). Let l be x/((0 - 2)/6). Suppose -q + 13 - 12 = 0. Calculate the greatest common divisor of q and l.
1
Let q(o) = o**3 - 13*o**2 - 13*o - 9. Let t be q(14). Suppose -244 = -h - 2*d - 16, -5*h = t*d - 1120. What is the greatest common factor of h and 11?
11
Suppose 4*g - 384 + 64 = 0. Suppose n = -2*n + 6. Suppose -n*w = -3 - 17. Calculate the greatest common factor of g and w.
10
Let j = -99 - -288. Let i(h) = -15*h + 51. Let f(m) = -13*m + 51. Let t(n) = -3*f(n) + 2*i(n). Let u be t(8). What is the greatest common factor of u and j?
21
Suppose 3*r + 707 + 22 = 0. Let y = -123 - r. Suppose 3*v - 18 = -2*n + v, 2*v = 4*n - 54. What is the greatest common factor of y and n?
12
Let h be (125/15 - -5) + 6/(-18). Calculate the highest common factor of h and 143.
13
Let g(a) = a**2 + 6*a - 3. Let o be 0 + (-7)/(35/(-40)). Suppose 0*d + o = -d. Let z be g(d). Calculate the greatest common divisor of 39 and z.
13
Suppose -4*f + 2*o + 28 = -34, 3*o - 35 = -2*f. Let s(h) = 4*h. Let r = 2 - 1. Let k be s(r). Calculate the highest common factor of f and k.
4
Suppose 6 = -13*h + 16*h. Let n = -309 - -609. Suppose y = -h*y + n. What is the highest common divisor of y and 40?
20
Let o be 21 - -1 - 0 - 1. Let m be 141/4 - (12 + (-423)/36). Let s = m - o. Calculate the greatest common factor of 126 and s.
14
Let t = 4 - 4. Suppose t*a - 3*a = -240. Suppose -52 = -5*l + 4*u, -6*l + 2*l = -3*u - 41. What is the greatest common divisor of l and a?
8
Let j = 76 + 99. What is the greatest common divisor of j and 100?
25
Let l = -23 - -44. Suppose -4*g + 81 = k, 4*g + 2*k + 69 = 7*g. What is the highest common divisor of l and g?
21
Suppose 0 = -17*l - 7*l + 720. Calculate the greatest common factor of l and 42.
6
Suppose -4*s + 396 = -0*s. Let g = 139 - 130. Calculate the highest common factor of s and g.
9
Suppose -4*q + 5*q = 0. Suppose q = 2*j + 8, -2*p + j = -3*p + 5. Let x = 11 + p. What is the highest common divisor of x and 180?
20
Suppose -d - 3*d - n + 205 = 0, -2*d = 5*n - 107. Let c be 8/(-2) + -15 + -4. Let b = 11 - c. What is the greatest common factor of b and d?
17
Suppose 51*o = 14*o + 10952. What is the highest common divisor of o and 8?
8
Suppose 0 = 2*p + 32 + 74. Let o = 91 - p. Calculate the highest common factor of o and 9.
9
Suppose 2*u - 1 - 1 = 0. Let a = -2769 - -2772. What is the highest common factor of a and u?
1
Suppose -j - 2*g + 292 = 0, 12*j + 280 = 13*j - g. What is the highest common divisor of j and 355?
71
Let w = -139 - -149. Let u = w + 26. What is the greatest common factor of 324 and u?
36
Let i(m) = -m**3 + 9*m**2 - 13*m - 12. Let h be i(6). Let w(k) = -k**2 - 6*k + 34. Let v be w(-8). What is the highest common divisor of v and h?
18
Suppose 11 = 4*r + 3*g, 2*g - 26 = -4*r + 4*g. Calculate the greatest common factor of 745 and r.
5
Let l be (30/9)/((-3)/9). Let d be (-4 + (-36)/l)*-5. Calculate the great